 h = 3*q + 2*w - 794. Suppose 8*v - v - q = 0. What is the units digit of v?
2
Let t be 3/(-4) - (-102190)/(-88). Let f = t - -1751. What is the tens digit of f?
8
Suppose -85*r + 1214868 + 986197 = 54*r. What is the hundreds digit of r?
8
Suppose -88647 = -14*f + 132056 - 81319. What is the tens digit of f?
5
Let s = 29 + -26. Suppose -2*i = 2*i + 2*n - 16, 3*n = i + s. Let d(r) = 10*r**3 + r**2 - r. What is the hundreds digit of d(i)?
2
Suppose -3*v - 5*z + 431 = 0, -3*z = -77 + 74. Suppose -2*o = a - 92, 0 = -0*o + o. Suppose -g = -a - v. What is the hundreds digit of g?
2
Let i = 2024 + -3652. What is the tens digit of (2 - 3)/(-4) + i/(-16)?
0
Let c be 17 - (4 - (0 + 1)). Suppose 0 = -c*s + 13976 - 3728. What is the tens digit of s?
3
Suppose -26*u + 22*u = -h + 610, 4*h - 768 = 5*u. What is the tens digit of (-16)/u - 777/(-19)?
4
Suppose 8*y + 5*u - 1050 = 3*y, 0 = 4*u + 8. Suppose 0 = -4*r - 1188 + y. What is the tens digit of (-1)/((2/(-9))/(r/(-6)))?
8
Let y(g) = -10 - 8 + 34*g + 4*g**2 - 15 + 9. Let d be y(-28). Suppose d = 4*q + 5*q. What is the units digit of q?
0
Let q = 7237 - 5029. What is the thousands digit of q?
2
Let n = -81 - -84. Suppose 5*b - 3*s - 3545 = 0, -1057 + 330 = -b - n*s. Suppose 0 = -4*r - 0*r + b. What is the tens digit of r?
7
Let m = 57852 + -29736. What is the thousands digit of m?
8
Let t(v) = -v**3 - 12*v**2 - 11*v + 5. Let u be t(-11). Suppose -l + 2*l - u*n = 674, -l + 4*n + 673 = 0. What is the units digit of l?
9
Suppose -5 = 14*h - 12*h - j, 2*j = -h - 10. Let p(x) = -270*x + 76. What is the thousands digit of p(h)?
1
Let b be (164/4 - 3)*(-3)/(-6). Let h = 76 - b. What is the tens digit of h?
5
Suppose 161*f - 166*f = -4*z + 41726, -5*f = 4*z - 41746. What is the units digit of z?
4
Suppose 2*f + 3*t - 5 = f, -4 = -4*t. Suppose v - f = 3, -4*j = 5*v - 3037. What is the tens digit of j?
5
Let g(c) = -c**2 - 22*c - 6. Let b be (12/(-3) - -5)/((-2)/(-4)). Suppose -2*n - 16 = b. What is the units digit of g(n)?
1
Let h(l) = 4*l**2 + 1 + 8*l - 7 - 21*l**3 + 20*l**3. Let u be h(5). Suppose 0*c + u*c - 801 = 0. What is the tens digit of c?
8
Let d be (-4)/(-14) - (-67015)/35. Suppose 0*h - 4*h - s = -d, -3*h + 5*s = -1419. What is the units digit of h?
8
Let m = -44 - -45. Suppose 2*t + 10240 = -6610. What is the units digit of m/6 - t/30?
1
Let z be 18/(-6) + -2 + (-1370)/(-2). Suppose -112 = -3*v + z. What is the units digit of v?
4
Suppose 80*w - 408625 = 426975. What is the ten thousands digit of w?
1
Let x(r) = -r**3 - r**2 - r + 4. Let u be x(0). Suppose 0 = -3*b + 146 + 97. Suppose -b = -u*o + 3*o. What is the tens digit of o?
8
Suppose -25*u = -22*u - 6. Let h(j) = 35*j**2 + 3*j - 3. Let d be h(u). Let b = d - 58. What is the tens digit of b?
8
Let o be (2 + (-21)/6)/((-33)/88). Suppose 3*f - 782 = -o*c + 458, -3*f + 1233 = -3*c. What is the hundreds digit of f?
4
Let k = -105 + 105. Suppose 46*z - 39*z - 2149 = k. What is the tens digit of z?
0
Let f(p) = 35*p**2 - 39*p - 140. What is the tens digit of f(-4)?
7
Let z(j) = -13*j + 2. Let w be 0/(-1)*(6 - 1 - 6). Suppose -25 = 4*g + f, 5*g + f + 32 = -w*f. What is the units digit of z(g)?
3
Let n = 26700 - 15820. What is the ten thousands digit of n?
1
Let y be (-12 + 13)*(-1 - 1). What is the hundreds digit of y/(-3)*(-35)/((-210)/4644)?
5
Let t(h) = -3*h**2 + 17*h - 9. Let u(k) = 7*k**2 - 31*k + 16. Let d(l) = 5*t(l) + 2*u(l). Let w = -2 + 19. What is the tens digit of d(w)?
8
Let l(w) = w**2 + w - 3. Let u be l(-3). Let m be (1 - 5)*-1 - 1. Suppose m*c + u*z - 78 = 0, 4*c - 3*c - 2*z = 26. What is the tens digit of c?
2
Let w(q) = -6 + q**2 - 3*q**3 - 3*q**2 - 15*q - 3*q**3 + 7*q**3. What is the units digit of w(9)?
6
Let w(c) = -3*c**3 - 2*c**2 + 3*c + 4. Suppose h + 3*x - 14 = 0, 0 = -4*h - 4*x + 13 + 11. Let z be (-2)/(-6)*-3 - h. What is the tens digit of w(z)?
5
Let t = -38637 - -61752. What is the ten thousands digit of t?
2
Suppose 5*z - 73 = -2*o, -4*z - 4*o + 2*o + 60 = 0. Suppose -15*w + z*w - 4810 = 0. What is the tens digit of (0 - 2/1) + w/(-37)?
6
Let g(b) = -15*b - 82. Let m be g(-5). What is the tens digit of (470/6)/((21/(-9))/m)?
3
Let c = 45076 + -15234. What is the hundreds digit of c?
8
Suppose 18 = -11*p + 2*p. Let w = 2 + p. Suppose w*l - 7*l = -427. What is the tens digit of l?
6
Let s be 78/12 + (-3)/6. Suppose s*u - 1283 + 887 = 0. What is the tens digit of u?
6
Let a(q) = -q**3 - 17*q**2 - 31*q - 24. Let f be a(-16). Let t = f + 93. What is the units digit of t?
9
What is the thousands digit of 38400/32 + ((-8)/(-6))/2*3?
1
Let i be (255/6 - 0) + 13/(-26). What is the hundreds digit of 1/(-6) - (-18361)/i?
4
Let l = -99 - -102. Suppose -5*y = -22 - l. Suppose 3*i = -2*d + 121, 4*d - 271 = -y*i - 24. What is the tens digit of d?
6
Let f = 10918 - 6979. What is the tens digit of f?
3
Suppose 0 = 173*j - 172*j - 2. Suppose -2*o = -3*z + j*z - 318, -2*z = 0. What is the units digit of o?
9
Let c(n) = -n**3 + 31*n**2 - 9*n - 911. What is the tens digit of c(24)?
0
What is the units digit of 16957/62 + 5/(-2)?
1
Suppose 0 = -26*y + 5*y + 84. Let k(c) = -c**3 - 5*c**2 - 4*c + 2. Let u be k(-6). Suppose -y*q - m = -0*m - u, -q + 6 = 5*m. What is the units digit of q?
6
Suppose 4*v + 8 = -3*k, 4*k - 3*k + 4*v + 16 = 0. Let i be (k - -4) + 12/3. What is the units digit of (-8)/i*-69 + 3?
9
Let r(z) be the first derivative of 1/4*z**4 - 27 + 19/3*z**3 + 13*z**2 + 40*z. What is the hundreds digit of r(-17)?
1
Suppose 3*x + 4*h = 14914, 4*x - 22*h = -18*h + 19904. What is the tens digit of x?
7
Let p be ((-3)/27*3)/((-2)/(-2166)). Let c = p + 519. What is the units digit of c?
8
Suppose 6221168 = 94*v + 2056592. What is the tens digit of v?
0
Let j be (802/6)/((2/12)/(-1)). Let p = -1309 - j. Let x = -298 - p. What is the hundreds digit of x?
2
Let u = 59 - 60. Let p(k) = 4*k**3 - 2*k**2 - 3*k - 1. Let c be p(u). Let j(d) = 3*d**2 + 4*d + 6. What is the units digit of j(c)?
8
Suppose 44 = 6*t + 38. What is the units digit of ((-325)/15 - t)/((-10)/15)?
4
Let w be 28/8 - 2/(-4). Suppose 144 = -w*g - 68. Let k = g - -151. What is the tens digit of k?
9
Suppose -953296 = -110*i + i - 274880. What is the tens digit of i?
2
Suppose -67 - 8 = -5*l. Suppose 7*s - l*s = -2768. What is the hundreds digit of s?
3
Suppose -239 = 20*j - 339. Let m be 1/(-3) + (-10)/6. What is the units digit of ((-2)/(-6))/(j*m/(-5610))?
7
Suppose -20 = 5*r, -5*q - 5 + 42 = -3*r. Suppose 3*j - 3*c + 7 = 10, -16 = -j + 4*c. What is the tens digit of (q/(-10))/(j/1352)?
6
Suppose -37*k + 29*k + 2392 = 0. Let b = 8 + k. What is the units digit of b?
7
Let k(i) = i**2 + 34*i + 32. Let l be k(-33). What is the tens digit of (-2 - l)*(14 + -185)?
7
Let n(c) = 3975*c**3 - 3*c**2 - 13*c + 35. What is the ten thousands digit of n(2)?
3
What is the hundreds digit of (3/1)/18 + 633300/72?
7
Let t = 470 + -479. Let i(b) = -b**3 + b**2 + 8*b + 9. What is the units digit of i(t)?
7
Let r(b) = 19*b - 186. Let h be r(37). Let c = -278 + h. What is the tens digit of c?
3
Let q = 10 + -43. What is the tens digit of (-73 - -1)*33/q?
7
Suppose 0 = -1933*t + 1857*t + 5390148. What is the tens digit of t?
2
Let u(f) = f**3 + 104*f**2 - 109*f - 1429. What is the ten thousands digit of u(-102)?
3
Suppose -1615*k - 409346 = -1664*k. What is the units digit of k?
4
Let h(s) = -s**2 - 10*s - 9. Let w be h(-9). Suppose q + w*q = 7*q. Suppose -108 = -3*n - q*n. What is the units digit of n?
6
Let b(w) = 5*w**2 - 229*w - 587. What is the hundreds digit of b(113)?
3
Let n(o) = -134*o**3 + 2*o**2 - 3. Let a be n(-2). Suppose -2*v = 4*r - 704, 3*v - 4*r - a = -3*r. What is the hundreds digit of v?
3
Suppose 5*a - 4*a = -4*q - 11, a = -3*q - 7. Suppose 2*k - 4*t = 4*k - 988, 2452 = a*k + t. What is the hundreds digit of k?
4
Let w(q) = 5*q + 6*q + 3*q**3 + 2*q**2 - 13*q. Let k be w(1). Suppose 0 = k*y + 3*n - 408, -7*n = -2*n + 20. What is the units digit of y?
0
Let t = 25 - 14. Suppose 5*v = z - 8 - 3, t = 2*z + v. Suppose 0 = -3*q + z*q - 231. What is the tens digit of q?
7
Let z(g) = g**2 - g - 12. Let q be z(5). Suppose -697 = -q*r + 207. Let i = r + -63. What is the units digit of i?
0
Let f be -2*4*10/16. Let m = f - -54. What is the tens digit of m/1*(-11)/(-11)?
4
What is the ten